{"id":7,"date":"2020-10-05T11:27:55","date_gmt":"2020-10-05T11:27:55","guid":{"rendered":"https:\/\/highschool-ul.me\/mne\/about\/"},"modified":"2020-12-01T09:35:43","modified_gmt":"2020-12-01T09:35:43","slug":"about","status":"publish","type":"page","link":"https:\/\/highschool-ul.me\/mne\/about\/","title":{"rendered":"About"},"content":{"rendered":"\n\n\n\n\n\n\n\n\n\n\n\n<span style=\"color: #2A83F9\">Istorijat \u0161kole<\/span>\n<div pagelayer-id=\"DmT6JZi44Yao78Hj\"><div><div pagelayer-id=\"9IQ7IdfedUOdNB5X\"><div><div pagelayer-id=\"OGQ3H9x1YznOXyI6\" class=\"\" style=\"visibility: visible; animation-name: fadeInUp;\"><div><p><span>&#8230;Godine 1965. u Ulcinju je osnovana gimnazija dru\u0161tveno-jezi\u010dkog smjera sa dvojezi\u010dnom nastavom \u2013 na srpskohrvatskom i albanskom jeziku&#8230;.<br><\/span><\/p><\/div><\/div><\/div><\/div><\/div><\/div><div pagelayer-id=\"SEH8C8Pe38b7LLfz\"><div><div pagelayer-id=\"Fj4oFhHSzzCstbMj\"><div><div pagelayer-id=\"xf6F0G4wEe89noMV\" class=\"\" style=\"visibility: visible; animation-name: fadeInUp;\"><div><div><span aria-hidden=\"true\"><\/span><\/div><\/div><\/div><\/div><\/div><\/div><\/div>\n\n\n\n\n\n\n\n\n\n\n\n\n<p style=\"font-size: 16px\">Aenaen massa, Cum soolis natoque penatibus montes nascetur ridiculus mus.<\/p>\n\n\n\n\n\n\n\n\n<p style=\"font-size: 16px\">Aenaen massa, Cum soolis natoque penatibus montes nascetur ridiculus mus.<\/p>\n\n\n\n\n\n\n\n\n\n\n<p style=\"font-size: 16px\">Aenaen massa, Cum soolis natoque penatibus montes nascetur ridiculus mus.<\/p>\n\n\n\n\n\n\n\n\n<p style=\"font-size: 16px\">Aenaen massa, Cum soolis natoque penatibus montes nascetur ridiculus mus.<\/p>\n\n\n\n\n\n\n\n\n\n\n<p style=\"font-size: 16px\">Aenaen massa, Cum soolis natoque penatibus montes nascetur ridiculus mus.<\/p>\n\n\n\n\n\n\n\n\n<p style=\"font-size: 16px\">Aenaen massa, Cum soolis natoque penatibus montes nascetur ridiculus mus.<\/p>\n\n\n\n\n\n\n\n\n\n\n\n\n\n\nChat with us for best solution in finance\n\n\n\n( All calls are Toll Free )\n\n\n\n\n\n\n\n\n\n\n\nOur Analisys is Your\n\n\n\n<span style=\"color: #2A83F9\">FUN <\/span> Facts\n\n\n\n\n\n\n\nAnalisys of Financial Documents\n\n\n\n\n\n\n\n\n\n\n\n\n\n\n\n\n\n\n\n\n\n\n\n\n\n\n\n\n\n\n\n\n\n\n\n\n\n\n\n\n\n\n\n\n\n\n\n\n\n\n\n\n\n\nOur Analisys is Your\n\n\n\n\n\n\n<span style=\"color: #2A83F9\">CHOOSE A<\/span> staff\n\n\n\n\n\n\n\n\nAnalisys of Financial Documents\n\n\n\n\n\n\n\n\n\n\n\n\n\n\n\n\n\n\n\n\n\n\n\n\n\n\n\n\n\n\n\n\n\n\n\n\n\n\n\n\n\n\n\n\n\n\n\n\n\n\nOur Analisys is Your\n\n\n\n\n\n\n\n<span style=\"color: #2A83F9\">ANALISYS <\/span> Services\n\n\n\n\n\n\n\nAnalisys of Financial Documents\n\n\n\n\n\n\n\n\n\n\n\n<p style=\"font-size: 16px\">Aenaen massa, Cum soolis natoque penatibus montes nascetur ridiculus mus.<\/p>\n\n\n\n\n\n\n\n\n\n<p style=\"font-size: 16px\">Aenaen massa, Cum soolis natoque penatibus montes nascetur ridiculus mus.<\/p>\n\n\n\n\n\n\n\n\n\n<p style=\"font-size: 16px\">Aenaen massa, Cum soolis natoque penatibus montes nascetur ridiculus mus.<\/p>\n\n\n\n\n","protected":false},"excerpt":{"rendered":"","protected":false},"author":0,"featured_media":0,"parent":0,"menu_order":0,"comment_status":"closed","ping_status":"closed","template":"","meta":{"pagelayer_contact_templates":[],"_pagelayer_content":"","footnotes":""},"class_list":["post-7","page","type-page","status-publish","hentry"],"_links":{"self":[{"href":"https:\/\/highschool-ul.me\/mne\/wp-json\/wp\/v2\/pages\/7","targetHints":{"allow":["GET"]}}],"collection":[{"href":"https:\/\/highschool-ul.me\/mne\/wp-json\/wp\/v2\/pages"}],"about":[{"href":"https:\/\/highschool-ul.me\/mne\/wp-json\/wp\/v2\/types\/page"}],"replies":[{"embeddable":true,"href":"https:\/\/highschool-ul.me\/mne\/wp-json\/wp\/v2\/comments?post=7"}],"version-history":[{"count":2,"href":"https:\/\/highschool-ul.me\/mne\/wp-json\/wp\/v2\/pages\/7\/revisions"}],"predecessor-version":[{"id":108,"href":"https:\/\/highschool-ul.me\/mne\/wp-json\/wp\/v2\/pages\/7\/revisions\/108"}],"wp:attachment":[{"href":"https:\/\/highschool-ul.me\/mne\/wp-json\/wp\/v2\/media?parent=7"}],"curies":[{"name":"wp","href":"https:\/\/api.w.org\/{rel}","templated":true}]}}