{"id":6,"date":"2020-10-05T11:27:55","date_gmt":"2020-10-05T11:27:55","guid":{"rendered":"https:\/\/highschool-ul.me\/mne\/home\/"},"modified":"2020-12-08T14:05:55","modified_gmt":"2020-12-08T14:05:55","slug":"home","status":"publish","type":"page","link":"https:\/\/highschool-ul.me\/mne\/","title":{"rendered":"Home"},"content":{"rendered":"\n\n<p><br><\/p>\n<p>JU SM\u0160 &#8220;BRATSTVO-JEDINSTVO&#8221; &#8211; ULCINJ<\/p>\n<p>&nbsp;<\/p>\n\n\n\n\n\n\n<p style=\"font-size: 16px\">&nbsp;<\/p>\n\n\n<p style=\"font-size: 16px\">&nbsp;<\/p>\n\n\n<p style=\"font-size: 16px\">&nbsp;<\/p>\n\n\n<p style=\"font-size: 16px\">&nbsp;<\/p>\n\n\n\n\n\n\n<p><span>Na\u0161i najbolji u\u010denici su ponos na\u0161e \u0161kole.<\/span><br><\/p>\n\n\n<p style=\"font-size: 16px\">Svake godine na Dan \u0161kole<\/p>\n\n\n<p style=\"font-size: 16px\">Zapa\u017eeni rezultati na takmi\u010denja znanja<\/p>\n\n\n\n\n\n\n\n\n\n\n\n\n\n\n\n\n\n\n","protected":false},"excerpt":{"rendered":"","protected":false},"author":0,"featured_media":0,"parent":0,"menu_order":0,"comment_status":"closed","ping_status":"closed","template":"","meta":{"pagelayer_contact_templates":[],"_pagelayer_content":"","footnotes":""},"class_list":["post-6","page","type-page","status-publish","hentry"],"_links":{"self":[{"href":"https:\/\/highschool-ul.me\/mne\/wp-json\/wp\/v2\/pages\/6","targetHints":{"allow":["GET"]}}],"collection":[{"href":"https:\/\/highschool-ul.me\/mne\/wp-json\/wp\/v2\/pages"}],"about":[{"href":"https:\/\/highschool-ul.me\/mne\/wp-json\/wp\/v2\/types\/page"}],"replies":[{"embeddable":true,"href":"https:\/\/highschool-ul.me\/mne\/wp-json\/wp\/v2\/comments?post=6"}],"version-history":[{"count":12,"href":"https:\/\/highschool-ul.me\/mne\/wp-json\/wp\/v2\/pages\/6\/revisions"}],"predecessor-version":[{"id":123,"href":"https:\/\/highschool-ul.me\/mne\/wp-json\/wp\/v2\/pages\/6\/revisions\/123"}],"wp:attachment":[{"href":"https:\/\/highschool-ul.me\/mne\/wp-json\/wp\/v2\/media?parent=6"}],"curies":[{"name":"wp","href":"https:\/\/api.w.org\/{rel}","templated":true}]}}